be (-4)/(-10)*(6 + -1). Suppose -18*m - 5*o = -22*m + 1641, -x*m + 817 = o. What is the tens digit of m?
0
Let k = 4 + 69. Suppose 3*y - k = 5*t, -4*t - 12 = -3*t + 2*y. Let f(o) = -15*o - 30. What is the units digit of f(t)?
0
Let n(h) = 8*h + 641. Let s be n(0). Suppose -s = 6*l - 2279. What is the hundreds digit of l?
2
Let m(d) = -d**3 - 7*d**2 - 6*d + 3. Let k be m(-6). Suppose -x + 6*c = 3*c - 198, -k*x - 4*c + 633 = 0. Suppose 0 = 2*t - 5*t + x. What is the tens digit of t?
6
Let w = -1587 + 1597. Let j(b) = -8 - 20 + 7*b + 7*b. What is the hundreds digit of j(w)?
1
Let n(m) = 21 + 3*m + 5*m - m - 6*m. Let g be n(-18). Suppose g*s + r = 484, -r = r - 8. What is the tens digit of s?
6
Let q(g) = -g**3 + g**2 - 3*g - 3. Let x(j) = j**2 + 4*j - 7. Let k be x(-5). Let p be q(k). What is the tens digit of -90*10/p*-1?
6
Suppose 7*f - 3*f = 3*s + 18749, 4*f - 18743 = s. What is the thousands digit of f?
4
Suppose 20*t - 12150 = 23790. What is the hundreds digit of t?
7
Suppose -406*i = -384*i - 354024. What is the hundreds digit of i?
0
Suppose 5*g - 51423 + 1843 = 0. What is the units digit of g?
6
Suppose 6*s - 4*t - 22 = 5*s, -s + 5*t + 20 = 0. What is the thousands digit of ((-48592)/(-12))/4 + (-10)/s?
1
Suppose 4*q = v + 9, -5*q + 0*q = -3*v - 6. Suppose 0 = -4*t - w + 583, 0 = 3*w - 2*w - v. What is the hundreds digit of t?
1
Suppose 8 = 4*b, -73*q + 72*q + 2*b = -19216. What is the ten thousands digit of q?
1
Let f(s) = s**2 + 5*s - 2. Let n be f(-6). Suppose -n*o = 4*q + 20, 4 = 2*o + 2*o - 4*q. What is the hundreds digit of (o + -256)/(-7 + (9 - 4))?
1
Let x be 2 - (6 - 7) - 4. What is the units digit of -3 - x - (29 - 81)?
0
Suppose 5*r - 15 = -5*n, 0 = -13*n + 10*n - 5*r + 17. What is the hundreds digit of (786/18)/(-2*n/12)?
2
Let m(l) = -5968*l**3 - 6*l**2 - 7*l. What is the hundreds digit of m(-1)?
9
Suppose -3*x + 7 = -4*h - 6, 0 = -x - 2*h + 1. Suppose 4*m - 3*z - 471 = 222, -5*z - 517 = -x*m. Suppose 22*q - m = 19*q. What is the tens digit of q?
5
Let r = -1870 - -88. Let f = r + 2815. What is the tens digit of f?
3
Suppose -2404 - 1280 = -3*u + 5*h, 2*u - 3*h = 2457. What is the units digit of u?
3
Let u = 31 - 24. Let i be u/(7/10) - 1. What is the units digit of (3/(-1))/(i/(-192))?
4
Suppose -7*m = -2*m. Let g be (-4)/16 - (-34)/8. Suppose x = -2*n + 33 + 46, m = g*x + 2*n - 316. What is the units digit of x?
9
Suppose 3*i = 3*p - 28689, -27*i = -30*i - 6. What is the units digit of p?
1
What is the thousands digit of (-191332024)/(-4176) - 2/36?
5
Suppose 2*j - 4*r - 504 = -5360, 5*r = 2*j + 4851. Let o = -1377 - j. What is the units digit of o?
1
Let r be 6/(-4) + 6/(-4). Let d be 1*0*r/(-9). Suppose -2*t + 7*t - 900 = d. What is the tens digit of t?
8
Suppose 3*n + 6329 = 4*k, 3*n - 6209 = -4*k + 102. What is the units digit of k?
0
Suppose -4*t - 65 = 4*f - 5*t, -4*f - 2*t - 50 = 0. Let l be f/20 + -1 + 63/(-12). What is the tens digit of 6192/84 - 2/l?
7
Let p(x) be the first derivative of 41*x**3/3 + x**2 - 5*x - 31. What is the tens digit of p(3)?
7
Let x be (34/(-4))/((-12)/24). Let s(i) = -i**3 + 17*i**2 + 16*i - 9. What is the tens digit of s(x)?
6
Let o = -4564 - -4942. What is the tens digit of o?
7
What is the hundreds digit of (262498/(-8) - 1)*(-37)/((-5661)/(-408))?
5
Let l be 10*(-5)/25*-4. Suppose 0 = -5*r - 3 + l. What is the units digit of (-5)/(-10)*(1 + 222 - r)?
1
What is the thousands digit of (309 - 315) + 16519*2?
3
Let s(i) = 0*i**3 - 55*i + 52*i + 0 + 2*i**3 + 3. Let a = -9 - -12. What is the tens digit of s(a)?
4
Let x = -84 - -89. Suppose -2*h + 12 = 5*f, 2*h - x = f - 17. What is the hundreds digit of h + (-5025)/(-20) + (-1)/4?
2
Suppose -1174 = -y - 1174. Suppose 44*l - 51*l + 4739 = y. What is the hundreds digit of l?
6
Suppose 3*k + 122 = 5*f, 15*k + 2*f = 10*k - 224. Let j = 599 - k. What is the tens digit of j?
4
Let t = -302 + 4517. What is the tens digit of t?
1
Suppose -22*k - 7*k + 30150 = -14*k. What is the tens digit of k?
1
Suppose -43*o + 3*o - 20120 = 0. Let y = 881 + o. What is the hundreds digit of y?
3
Let z = -302 - -296. What is the tens digit of z/4 + (8 - 3965/(-10))?
0
Suppose 0 = -6*f - 4 + 22. Let v(u) = 42*u**2 + 17*u - 33. What is the hundreds digit of v(f)?
3
Let t(c) = c**3 - 7*c**2 - 2*c + 6. Suppose 2*p - 6*p + 12 = -4*a, 2*a - 8 = 0. Let x be t(p). What is the tens digit of (-12)/(-18) - (-21)/(-18)*x?
1
Let l(n) = -n**3 + 7*n**2 + 10*n + 6. Let z be l(11). What is the tens digit of z/(-40) - 10 - 1898/(-10)?
8
Suppose -25*w = -1931 - 119. Let j be -2*(47/(-2) - -2). Let s = w - j. What is the units digit of s?
9
Let q be 622/12 - 8/96*-2. What is the tens digit of 2533/13 + ((-40)/q)/(-5)?
9
Suppose 77461 = 18*g - 131375. What is the thousands digit of g?
1
Suppose -97*i - 71*i = -58*i - 3117290. What is the ten thousands digit of i?
2
Let z(s) = -20922*s**3 + 7*s**2 + 5*s - 1. What is the ten thousands digit of z(-1)?
2
Let w be 2*(-1)/(-3)*(-627)/(-22). Suppose 5*s + 56 = -w. What is the units digit of 3/s + (-1360)/(-50)?
7
Let f(v) = 7*v**2 + 18*v + 15. Let l be (51/(-85))/(2/20). What is the tens digit of f(l)?
5
Suppose -7181 = -c + 1090. What is the thousands digit of c?
8
Suppose 3464351 - 112154 = 162*a - 660381. What is the ten thousands digit of a?
2
Suppose 0 = -3*v + 2*r + 1389, 0 = -5*v + 396*r - 401*r + 2390. What is the tens digit of v?
6
Let g = -191 - -105. What is the hundreds digit of (-35)/(-40)*g*(-6 - -2)?
3
Let w = 33 - 38. Let d(y) = -y**3 - 2*y**2 + 16*y + 5. Let z be d(w). Suppose 6*o - 3*o = 12, -5*t + o + 351 = z. What is the units digit of t?
1
Let a = -114 - -138. Suppose -a*w + 16*w = -432. What is the units digit of w?
4
Suppose -21*m = -24 - 81. Let r(p) = m*p**2 - 16*p - 22*p - 3*p**2 + 3*p + 25. What is the tens digit of r(23)?
7
Suppose 2*y - 4*n + 4 - 46 = 0, -5*n = -3*y + 63. Let r be (3 + -1 + (-54)/4)*-2. Let c = y + r. What is the tens digit of c?
4
Suppose s + 5*f - 6191 = 0, 86*f + 24739 = 4*s + 81*f. What is the thousands digit of s?
6
Let l = 66147 + -26719. What is the tens digit of l?
2
Suppose -3*o + 2*u + 33928 = 0, -2*u = 4*o - 10171 - 35071. What is the units digit of o?
0
Suppose 3*k - 42606 = 5*j, 14 - 2 = 2*j. What is the hundreds digit of k?
2
Suppose -34*n - 36 = 2582. What is the thousands digit of (-21542)/(-14) - (5 + 407/n)?
1
Suppose 110970 = -976*t + 991*t. What is the tens digit of t?
9
Let w be ((-112)/6)/((84/81)/(-14)). Let c = w - 36. What is the units digit of c?
6
Let u = 42538 + -22625. What is the units digit of u?
3
Let m = 5776 + -4316. What is the tens digit of m?
6
Let y = -32 - -22. Let h be (-36)/y + (54/(-15) - -3). Suppose -5 - 85 = -3*f - h*b, -f = -3*b - 26. What is the units digit of f?
9
Let t(i) = -i**3 + 57*i**2 + 116*i - 867. What is the units digit of t(49)?
5
Suppose 259 = 2*t - 43. Let s = t + -473. Let q = -107 - s. What is the tens digit of q?
1
Let y(o) = 6*o + 72. Let p be y(-17). What is the hundreds digit of p*(-21 - 1)*(-1)/(-4)?
1
Let m = 178 + -122. Let d = -52 + m. Suppose -d*h + 75 = -413. What is the hundreds digit of h?
1
Let u(v) = -2*v - 3*v + 0*v - 18*v**2 - 9*v + 19*v**2 + 41. What is the tens digit of u(20)?
6
What is the tens digit of 210197910/3900 - 2/(-20)?
9
Suppose -53*n = -7*n + 1886. Let m(l) = -l**3 - 5*l**2 + 3*l - 4. Let x be m(-5). Let y = x - n. What is the units digit of y?
2
Suppose 0*v - 2*v = -5*d - 2806, 2*v = 4*d + 2802. Suppose -5*n + 3*m + 1396 = 0, -3*n - 2*n + 4*m + v = 0. What is the units digit of n?
1
What is the thousands digit of (95/(-15) - -5) + (-118963)/(-39)?
3
Suppose 2*i - 28 = 3*a - 229, 3*i - 67 = -a. Let p = -63 + a. Suppose -1103 = -4*u - 5*l - 130, 0 = 4*u + p*l - 976. What is the hundreds digit of u?
2
Let a = -18103 + 35174. What is the tens digit of a?
7
Let i = -1 + 1. Let f be 24/32 + i + 210/8. Suppose 0 = 9*k - f - 819. What is the tens digit of k?
9
Let m = 904 - 879. Let b(i) = 12*i**2 - 4*i**2 + 16*i**2 - 16 + 33*i - i**3. What is the hundreds digit of b(m)?
1
Suppose -r = -1, 2*w + 2*w = -4*r - 292. Suppose 0 = -4*d - 2*q - 176, -d = -q + 44 - 6. Let i = d - w. What is the tens digit of i?
3
Let w be (-3)/((-9)/(-6)) - -3. Let j(t) = 692*t**3 + t**2 - 2*t + 1. Let r be j(w). Suppose -4*y = 4*u - 7